{"id":3624,"date":"2026-02-17T10:29:27","date_gmt":"2026-02-17T09:29:27","guid":{"rendered":"http:\/\/www.cdvoile06.fr\/?page_id=3624"},"modified":"2026-02-19T16:38:30","modified_gmt":"2026-02-19T15:38:30","slug":"assemblee-generale-ordinaire-2","status":"publish","type":"page","link":"https:\/\/www.cdvoile06.fr\/index.php\/assemblee-generale-ordinaire-2\/","title":{"rendered":"ASSEMBL\u00c9E G\u00c9N\u00c9RALE ORDINAIRE avec 3 postes \u00e0 pouvoir"},"content":{"rendered":"\n<div style=\"height:36px\" aria-hidden=\"true\" class=\"wp-block-spacer\"><\/div>\n\n\n\n<p>L\u2019<strong>Assembl\u00e9e G\u00e9n\u00e9rale<\/strong> <strong>ordinaire <\/strong>du Comit\u00e9 D\u00e9partemental de Voile des Alpes-Maritimes aura lieu le <strong>mardi 10 mars 2026 \u00e0 19h00<\/strong> (18h30 \u00e0 19h : accueil des repr\u00e9sentants) \u00e0 Antibes (06600) &#8211; Quai nord du fort carr\u00e9 \u2013 Port Vauban \u2013 Soci\u00e9t\u00e9 des R\u00e9gates d\u2019Antibes<\/p>\n\n\n\n<div style=\"height:36px\" aria-hidden=\"true\" class=\"wp-block-spacer\"><\/div>\n\n\n\n<div class=\"wp-block-columns is-layout-flex wp-container-core-columns-is-layout-28f84493 wp-block-columns-is-layout-flex\">\n<div class=\"wp-block-column is-layout-flow wp-block-column-is-layout-flow\" style=\"flex-basis:50%\">\n<div class=\"wp-block-columns is-layout-flex wp-container-core-columns-is-layout-28f84493 wp-block-columns-is-layout-flex\">\n<div class=\"wp-block-column is-layout-flow wp-block-column-is-layout-flow\">\n<div class=\"wp-block-group is-layout-constrained wp-block-group-is-layout-constrained\">\n<h5 class=\"wp-block-heading has-text-align-left has-medium-font-size\" id=\"documents-pour-assemblee-generale\" style=\"font-style:italic;font-weight:700\">Documents pour Assembl\u00e9e G\u00e9n\u00e9rale :<\/h5>\n\n\n\n<p><a href=\"https:\/\/www.cdvoile06.fr\/wp-content\/uploads\/2026\/02\/26-03-CLUBS-convocation-et-OJ-AG-CDV.pdf\" target=\"_blank\" rel=\"noreferrer noopener\">Convocation avec l&rsquo;ordre du jour<\/a><\/p>\n\n\n\n<p><a href=\"https:\/\/www.cdvoile06.fr\/wp-content\/uploads\/2026\/02\/pouvoirs-AG-2025.pdf\" target=\"_blank\" rel=\"noreferrer noopener\">Mod\u00e8le de pouvoir<\/a> \u00e0 envoyer par mail \u00e0 <a href=\"mailto:contact@cdvoile06.fr\">contact@cdvoile06.fr<\/a> (ou \u00e0 pr\u00e9senter par votre repr\u00e9sentant le jour de notre AG) si vous ne pouvez \u00eatre pr\u00e9sent le 10\/03\/2026 (2 pouvoirs au maximum par repr\u00e9sentant)<\/p>\n\n\n\n<p><a href=\"https:\/\/www.cdvoile06.fr\/wp-content\/uploads\/2026\/02\/CR-AGO-06-03-2025-avec-annexes_compressed.pdf\" target=\"_blank\" rel=\"noreferrer noopener\">Compte rendu de l\u2019Assembl\u00e9e G\u00e9n\u00e9rale de 2024<\/a><\/p>\n\n\n\n<p>Documents comptables comprenant le bilan financier et le compte de r\u00e9sultats 2025, l&rsquo;annexe comptable, le budget pr\u00e9visionnel 2026 modifi\u00e9 et le budget pr\u00e9visionnel 2027 <em><strong>(en attente de validation par le Comit\u00e9 Directeur du 05 mars 2026)<\/strong><\/em><\/p>\n<\/div>\n<\/div>\n<\/div>\n<\/div>\n\n\n\n<div class=\"wp-block-column is-layout-flow wp-block-column-is-layout-flow\" style=\"flex-basis:50%\">\n<div class=\"wp-block-group is-layout-constrained wp-block-group-is-layout-constrained\">\n<h5 class=\"wp-block-heading has-text-align-left has-medium-font-size\" id=\"documents-pour-assemblee-generale\" style=\"font-style:italic;font-weight:700\">Appel \u00e0 candidature &#8211; 3 si\u00e8ges \u00e0 pourvoir :<\/h5>\n\n\n\n<p>L\u2019article 15 des statuts du Comit\u00e9 d\u00e9partemental de voile des Alpes-Maritimes (CDV 06) pr\u00e9voit que : \u00ab le CDV 06 est administr\u00e9 par un CD [comit\u00e9 directeur] compos\u00e9 de 16 membres :<\/p>\n\n\n\n<p>&#8211; 1 repr\u00e9sentant au moins des \u00e9tablissements [municipaux] situ\u00e9s sur le territoire du CDVOILE ;<\/p>\n\n\n\n<p>&#8211; 15 repr\u00e9sentants des associations locales [de voile] \u00bb.<\/p>\n\n\n\n<p>L\u2019article 16 pr\u00e9voit que : \u00ab peuvent \u00eatre \u00e9lues au CD les personnes qui, au jour de l\u2019\u00e9lection ont atteint l\u2019\u00e2ge de la majorit\u00e9 l\u00e9gale et sont titulaires d\u2019une licence club FFVoile en cours de validit\u00e9, d\u00e9livr\u00e9e par un membre affili\u00e9 dans le ressort territorial du CDV 06 \u00bb et que : \u00ab l\u2019\u00e9lection se d\u00e9roule au scrutin pluri nominal majoritaire \u00e0 un tour, dans les conditions fix\u00e9es par le R\u00e8glement Int\u00e9rieur \u00bb.<\/p>\n\n\n\n<p>L\u2019article 17 pr\u00e9voit que : \u00ab En cas de vacance d\u2019un poste de membre de CD pour quelque cause que ce soit, il est proc\u00e9d\u00e9, lors de l\u2019Assembl\u00e9e G\u00e9n\u00e9rale la plus proche, \u00e0 une nouvelle \u00e9lection au scrutin pluri nominal majoritaire \u00e0 un tour, selon le nombre de postes vacants \u00e0 pourvoir (\u2026) \u00bb.<\/p>\n\n\n\n<p>L\u2019article 11 du R\u00e8glement Int\u00e9rieur pr\u00e9voit que : \u00ab <strong>Les candidats \u00e0 l\u2019\u00e9lection du CD du CDV 06 doivent adresser <u>sous pli recommand\u00e9<\/u>, sans enveloppe, leur candidature au CDV 06, 7 jours au moins avant la date fix\u00e9e pour l\u2019\u00e9lection<\/strong>, le cachet de la poste faisant foi (soit le 03 mars 2026). <strong>La lettre de candidature mentionne les nom, pr\u00e9noms, adresse personnelle du candidat, ainsi que le num\u00e9ro de sa licence de l\u2019ann\u00e9e en cours et\/ou la photocopie de la licence et ses motivations en quelques lignes.<\/strong> (\u2026)<strong>La lettre de candidature doit \u00eatre sign\u00e9e par l\u2019int\u00e9ress\u00e9 \u00bb.<\/strong><\/p>\n\n\n\n<p>Nous vous informons que <strong><u>3 postes vacants<\/u> est \u00e0 pourvoir<\/strong> et vous demandons de bien vouloir diffuser ce courrier aupr\u00e8s des membres de votre club, soit par affichage, soit par information interne, pour compl\u00e9ter la composition du comit\u00e9 directeur lors de l\u2019Assembl\u00e9e G\u00e9n\u00e9rale du mardi 10 mars 2026.<\/p>\n\n\n\n<p>Voici <a href=\"https:\/\/www.cdvoile06.fr\/wp-content\/uploads\/2026\/02\/proposition-candidature-CD-AG-2025.pdf\" target=\"_blank\" rel=\"noreferrer noopener\">l&rsquo;imprim\u00e9 de proposition de candidature<\/a> \u00e0 compl\u00e9ter par les personnes int\u00e9ress\u00e9es.<\/p>\n<\/div>\n<\/div>\n<\/div>\n","protected":false},"excerpt":{"rendered":"<p>L\u2019Assembl\u00e9e G\u00e9n\u00e9rale ordinaire du Comit\u00e9 D\u00e9partemental de Voile des Alpes-Maritimes aura lieu le mardi 10 mars 2026 \u00e0 19h00 (18h30<\/p>\n","protected":false},"author":1,"featured_media":0,"parent":0,"menu_order":0,"comment_status":"closed","ping_status":"closed","template":"","meta":{"colormag_page_container_layout":"default_layout","colormag_page_sidebar_layout":"default_layout","jetpack_post_was_ever_published":false,"footnotes":""},"class_list":["post-3624","page","type-page","status-publish","hentry"],"yoast_head":"<!-- This site is optimized with the Yoast SEO plugin v27.4 - https:\/\/yoast.com\/product\/yoast-seo-wordpress\/ -->\n<title>ASSEMBL\u00c9E G\u00c9N\u00c9RALE ORDINAIRE avec 3 postes \u00e0 pouvoir - Comit\u00e9 d\u00e9partemental de voile 06<\/title>\n<meta name=\"robots\" content=\"index, follow, max-snippet:-1, max-image-preview:large, max-video-preview:-1\" \/>\n<link rel=\"canonical\" href=\"https:\/\/www.cdvoile06.fr\/index.php\/assemblee-generale-ordinaire-2\/\" \/>\n<meta property=\"og:locale\" content=\"fr_FR\" \/>\n<meta property=\"og:type\" content=\"article\" \/>\n<meta property=\"og:title\" content=\"ASSEMBL\u00c9E G\u00c9N\u00c9RALE ORDINAIRE avec 3 postes \u00e0 pouvoir - Comit\u00e9 d\u00e9partemental de voile 06\" \/>\n<meta property=\"og:description\" content=\"L\u2019Assembl\u00e9e G\u00e9n\u00e9rale ordinaire du Comit\u00e9 D\u00e9partemental de Voile des Alpes-Maritimes aura lieu le mardi 10 mars 2026 \u00e0 19h00 (18h30\" \/>\n<meta property=\"og:url\" content=\"https:\/\/www.cdvoile06.fr\/index.php\/assemblee-generale-ordinaire-2\/\" \/>\n<meta property=\"og:site_name\" content=\"Comit\u00e9 d\u00e9partemental de voile 06\" \/>\n<meta property=\"article:publisher\" content=\"https:\/\/www.facebook.com\/cdvoile06\" \/>\n<meta property=\"article:modified_time\" content=\"2026-02-19T15:38:30+00:00\" \/>\n<meta name=\"twitter:card\" content=\"summary_large_image\" \/>\n<meta name=\"twitter:label1\" content=\"Dur\u00e9e de lecture estim\u00e9e\" \/>\n\t<meta name=\"twitter:data1\" content=\"3 minutes\" \/>\n<script type=\"application\/ld+json\" class=\"yoast-schema-graph\">{\"@context\":\"https:\\\/\\\/schema.org\",\"@graph\":[{\"@type\":\"WebPage\",\"@id\":\"https:\\\/\\\/www.cdvoile06.fr\\\/index.php\\\/assemblee-generale-ordinaire-2\\\/\",\"url\":\"https:\\\/\\\/www.cdvoile06.fr\\\/index.php\\\/assemblee-generale-ordinaire-2\\\/\",\"name\":\"ASSEMBL\u00c9E G\u00c9N\u00c9RALE ORDINAIRE avec 3 postes \u00e0 pouvoir - Comit\u00e9 d\u00e9partemental de voile 06\",\"isPartOf\":{\"@id\":\"https:\\\/\\\/www.cdvoile06.fr\\\/#website\"},\"datePublished\":\"2026-02-17T09:29:27+00:00\",\"dateModified\":\"2026-02-19T15:38:30+00:00\",\"breadcrumb\":{\"@id\":\"https:\\\/\\\/www.cdvoile06.fr\\\/index.php\\\/assemblee-generale-ordinaire-2\\\/#breadcrumb\"},\"inLanguage\":\"fr-FR\",\"potentialAction\":[{\"@type\":\"ReadAction\",\"target\":[\"https:\\\/\\\/www.cdvoile06.fr\\\/index.php\\\/assemblee-generale-ordinaire-2\\\/\"]}]},{\"@type\":\"BreadcrumbList\",\"@id\":\"https:\\\/\\\/www.cdvoile06.fr\\\/index.php\\\/assemblee-generale-ordinaire-2\\\/#breadcrumb\",\"itemListElement\":[{\"@type\":\"ListItem\",\"position\":1,\"name\":\"Accueil\",\"item\":\"https:\\\/\\\/www.cdvoile06.fr\\\/\"},{\"@type\":\"ListItem\",\"position\":2,\"name\":\"ASSEMBL\u00c9E G\u00c9N\u00c9RALE ORDINAIRE avec 3 postes \u00e0 pouvoir\"}]},{\"@type\":\"WebSite\",\"@id\":\"https:\\\/\\\/www.cdvoile06.fr\\\/#website\",\"url\":\"https:\\\/\\\/www.cdvoile06.fr\\\/\",\"name\":\"Comit\u00e9 d\u00e9partemental de voile 06\",\"description\":\"Organe d\u00e9concentr\u00e9 de la F\u00e9d\u00e9ration Fran\u00e7aise de Voile\",\"publisher\":{\"@id\":\"https:\\\/\\\/www.cdvoile06.fr\\\/#organization\"},\"potentialAction\":[{\"@type\":\"SearchAction\",\"target\":{\"@type\":\"EntryPoint\",\"urlTemplate\":\"https:\\\/\\\/www.cdvoile06.fr\\\/?s={search_term_string}\"},\"query-input\":{\"@type\":\"PropertyValueSpecification\",\"valueRequired\":true,\"valueName\":\"search_term_string\"}}],\"inLanguage\":\"fr-FR\"},{\"@type\":\"Organization\",\"@id\":\"https:\\\/\\\/www.cdvoile06.fr\\\/#organization\",\"name\":\"Comit\u00e9 d\u00e9partemental de voile 06\",\"url\":\"https:\\\/\\\/www.cdvoile06.fr\\\/\",\"logo\":{\"@type\":\"ImageObject\",\"inLanguage\":\"fr-FR\",\"@id\":\"https:\\\/\\\/www.cdvoile06.fr\\\/#\\\/schema\\\/logo\\\/image\\\/\",\"url\":\"http:\\\/\\\/www.cdvoile06.fr\\\/wp-content\\\/uploads\\\/2020\\\/10\\\/cropped-logo150x150.png\",\"contentUrl\":\"http:\\\/\\\/www.cdvoile06.fr\\\/wp-content\\\/uploads\\\/2020\\\/10\\\/cropped-logo150x150.png\",\"width\":150,\"height\":150,\"caption\":\"Comit\u00e9 d\u00e9partemental de voile 06\"},\"image\":{\"@id\":\"https:\\\/\\\/www.cdvoile06.fr\\\/#\\\/schema\\\/logo\\\/image\\\/\"},\"sameAs\":[\"https:\\\/\\\/www.facebook.com\\\/cdvoile06\",\"https:\\\/\\\/www.instagram.com\\\/cdvoile06\\\/\"]}]}<\/script>\n<!-- \/ Yoast SEO plugin. -->","yoast_head_json":{"title":"ASSEMBL\u00c9E G\u00c9N\u00c9RALE ORDINAIRE avec 3 postes \u00e0 pouvoir - Comit\u00e9 d\u00e9partemental de voile 06","robots":{"index":"index","follow":"follow","max-snippet":"max-snippet:-1","max-image-preview":"max-image-preview:large","max-video-preview":"max-video-preview:-1"},"canonical":"https:\/\/www.cdvoile06.fr\/index.php\/assemblee-generale-ordinaire-2\/","og_locale":"fr_FR","og_type":"article","og_title":"ASSEMBL\u00c9E G\u00c9N\u00c9RALE ORDINAIRE avec 3 postes \u00e0 pouvoir - Comit\u00e9 d\u00e9partemental de voile 06","og_description":"L\u2019Assembl\u00e9e G\u00e9n\u00e9rale ordinaire du Comit\u00e9 D\u00e9partemental de Voile des Alpes-Maritimes aura lieu le mardi 10 mars 2026 \u00e0 19h00 (18h30","og_url":"https:\/\/www.cdvoile06.fr\/index.php\/assemblee-generale-ordinaire-2\/","og_site_name":"Comit\u00e9 d\u00e9partemental de voile 06","article_publisher":"https:\/\/www.facebook.com\/cdvoile06","article_modified_time":"2026-02-19T15:38:30+00:00","twitter_card":"summary_large_image","twitter_misc":{"Dur\u00e9e de lecture estim\u00e9e":"3 minutes"},"schema":{"@context":"https:\/\/schema.org","@graph":[{"@type":"WebPage","@id":"https:\/\/www.cdvoile06.fr\/index.php\/assemblee-generale-ordinaire-2\/","url":"https:\/\/www.cdvoile06.fr\/index.php\/assemblee-generale-ordinaire-2\/","name":"ASSEMBL\u00c9E G\u00c9N\u00c9RALE ORDINAIRE avec 3 postes \u00e0 pouvoir - Comit\u00e9 d\u00e9partemental de voile 06","isPartOf":{"@id":"https:\/\/www.cdvoile06.fr\/#website"},"datePublished":"2026-02-17T09:29:27+00:00","dateModified":"2026-02-19T15:38:30+00:00","breadcrumb":{"@id":"https:\/\/www.cdvoile06.fr\/index.php\/assemblee-generale-ordinaire-2\/#breadcrumb"},"inLanguage":"fr-FR","potentialAction":[{"@type":"ReadAction","target":["https:\/\/www.cdvoile06.fr\/index.php\/assemblee-generale-ordinaire-2\/"]}]},{"@type":"BreadcrumbList","@id":"https:\/\/www.cdvoile06.fr\/index.php\/assemblee-generale-ordinaire-2\/#breadcrumb","itemListElement":[{"@type":"ListItem","position":1,"name":"Accueil","item":"https:\/\/www.cdvoile06.fr\/"},{"@type":"ListItem","position":2,"name":"ASSEMBL\u00c9E G\u00c9N\u00c9RALE ORDINAIRE avec 3 postes \u00e0 pouvoir"}]},{"@type":"WebSite","@id":"https:\/\/www.cdvoile06.fr\/#website","url":"https:\/\/www.cdvoile06.fr\/","name":"Comit\u00e9 d\u00e9partemental de voile 06","description":"Organe d\u00e9concentr\u00e9 de la F\u00e9d\u00e9ration Fran\u00e7aise de Voile","publisher":{"@id":"https:\/\/www.cdvoile06.fr\/#organization"},"potentialAction":[{"@type":"SearchAction","target":{"@type":"EntryPoint","urlTemplate":"https:\/\/www.cdvoile06.fr\/?s={search_term_string}"},"query-input":{"@type":"PropertyValueSpecification","valueRequired":true,"valueName":"search_term_string"}}],"inLanguage":"fr-FR"},{"@type":"Organization","@id":"https:\/\/www.cdvoile06.fr\/#organization","name":"Comit\u00e9 d\u00e9partemental de voile 06","url":"https:\/\/www.cdvoile06.fr\/","logo":{"@type":"ImageObject","inLanguage":"fr-FR","@id":"https:\/\/www.cdvoile06.fr\/#\/schema\/logo\/image\/","url":"http:\/\/www.cdvoile06.fr\/wp-content\/uploads\/2020\/10\/cropped-logo150x150.png","contentUrl":"http:\/\/www.cdvoile06.fr\/wp-content\/uploads\/2020\/10\/cropped-logo150x150.png","width":150,"height":150,"caption":"Comit\u00e9 d\u00e9partemental de voile 06"},"image":{"@id":"https:\/\/www.cdvoile06.fr\/#\/schema\/logo\/image\/"},"sameAs":["https:\/\/www.facebook.com\/cdvoile06","https:\/\/www.instagram.com\/cdvoile06\/"]}]}},"jetpack_sharing_enabled":true,"jetpack_shortlink":"https:\/\/wp.me\/P9K6Ix-Ws","_links":{"self":[{"href":"https:\/\/www.cdvoile06.fr\/index.php\/wp-json\/wp\/v2\/pages\/3624","targetHints":{"allow":["GET"]}}],"collection":[{"href":"https:\/\/www.cdvoile06.fr\/index.php\/wp-json\/wp\/v2\/pages"}],"about":[{"href":"https:\/\/www.cdvoile06.fr\/index.php\/wp-json\/wp\/v2\/types\/page"}],"author":[{"embeddable":true,"href":"https:\/\/www.cdvoile06.fr\/index.php\/wp-json\/wp\/v2\/users\/1"}],"replies":[{"embeddable":true,"href":"https:\/\/www.cdvoile06.fr\/index.php\/wp-json\/wp\/v2\/comments?post=3624"}],"version-history":[{"count":11,"href":"https:\/\/www.cdvoile06.fr\/index.php\/wp-json\/wp\/v2\/pages\/3624\/revisions"}],"predecessor-version":[{"id":4187,"href":"https:\/\/www.cdvoile06.fr\/index.php\/wp-json\/wp\/v2\/pages\/3624\/revisions\/4187"}],"wp:attachment":[{"href":"https:\/\/www.cdvoile06.fr\/index.php\/wp-json\/wp\/v2\/media?parent=3624"}],"curies":[{"name":"wp","href":"https:\/\/api.w.org\/{rel}","templated":true}]}}