{"id":2382,"date":"2021-10-21T13:48:07","date_gmt":"2021-10-21T11:48:07","guid":{"rendered":"http:\/\/www.cdvoile06.fr\/?page_id=2382"},"modified":"2026-03-26T16:30:52","modified_gmt":"2026-03-26T15:30:52","slug":"trophee-des-colleges-2","status":"publish","type":"page","link":"https:\/\/www.cdvoile06.fr\/index.php\/trophee-des-colleges-2\/","title":{"rendered":"TROPH\u00c9E DES COLL\u00c8GES"},"content":{"rendered":"\n<h1 class=\"wp-block-heading\">5\u00e8me \u00e9dition<\/h1>\n\n\n\n<figure class=\"wp-block-image aligncenter\"><img loading=\"lazy\" decoding=\"async\" width=\"300\" height=\"200\" src=\"https:\/\/www.cdvoile06.fr\/wp-content\/uploads\/2017\/11\/cata-300x200.jpg\" alt=\"\" class=\"wp-image-285\" srcset=\"https:\/\/www.cdvoile06.fr\/wp-content\/uploads\/2017\/11\/cata-300x200.jpg 300w, https:\/\/www.cdvoile06.fr\/wp-content\/uploads\/2017\/11\/cata-768x512.jpg 768w, https:\/\/www.cdvoile06.fr\/wp-content\/uploads\/2017\/11\/cata-1024x683.jpg 1024w\" sizes=\"auto, (max-width: 300px) 100vw, 300px\" \/><\/figure>\n\n\n\n<p>Le Troph\u00e9e des coll\u00e8ges, activit\u00e9 subventionn\u00e9e par le&nbsp;<a href=\"https:\/\/www.departement06.fr\/\" target=\"_blank\" rel=\"noreferrer noopener\">D\u00e9partement des Alpes-Maritimes<\/a>, permet de mettre en concurrence amicale des coll\u00e9giens des Alpes-Maritimes qui pratiquent la voile dans le cadre scolaire.<\/p>\n\n\n\n<h4 class=\"wp-block-heading\" id=\"nouvelle-formule\">OBJECTIFS <\/h4>\n\n\n\n<ul class=\"wp-block-list\">\n<li>Chaque base nautique accueillant des coll\u00e8ges organise une \u00ab&nbsp;S\u00e9lective&nbsp;\u00bb un mercredi apr\u00e8s-midi.<\/li>\n\n\n\n<li>Chaque club est libre d\u2019organiser la s\u00e9lective autour d\u2019une formule simplifi\u00e9e priorisant des trajectoires et des man\u0153uvres simples (relais \u2013 raid \u2026)<\/li>\n\n\n\n<li>A l\u2019issue de cette s\u00e9lective, deux \u00e9quipages de deux coll\u00e9giens sont s\u00e9lectionn\u00e9s pour repr\u00e9senter leurs \u00e9tablissements et leurs communes \u00e0 la \u00ab&nbsp;Finale du Troph\u00e9e des Coll\u00e8ges&nbsp;\u00bb<\/li>\n<\/ul>\n\n\n\n<h4 class=\"wp-block-heading\" id=\"conditions-de-participation\">CONDITIONS DE PARTICIPATION<\/h4>\n\n\n\n<ul class=\"wp-block-list\">\n<li>Sont autoris\u00e9s \u00e0 concourir les coll\u00e9giens participant ou ayant particip\u00e9 \u00e0 la voile scolaire, et\/ou \u00e0 une activit\u00e9 AS voile le mercredi. Sont exclus les \u00e9l\u00e8ves licenci\u00e9s FFV ayant particip\u00e9s \u00e0 une r\u00e9gate de grade 5A et moins.<\/li>\n\n\n\n<li>Chaque \u00e9l\u00e8ve doit \u00eatre licenci\u00e9 dans une association sportive scolaire pour l\u2019ann\u00e9e scolaire en cours&nbsp;<\/li>\n<\/ul>\n\n\n\n<h4 class=\"wp-block-heading\" id=\"repartition-des-colleges\">R\u00c9PARTITION DES COLL\u00c8GES<\/h4>\n\n\n\n<ul class=\"wp-block-list\">\n<li>Les coll\u00e8ges participent \u00e0 la s\u00e9lective au sein de la base nautique qui les accueille.<\/li>\n\n\n\n<li>Si un coll\u00e8ge effectue ses cycles sur plusieurs bases nautiques, il d\u00e9finira en concertation avec les clubs une seule base pour la s\u00e9lective<\/li>\n<\/ul>\n\n\n\n<h4 class=\"wp-block-heading\" id=\"les-deplacements\">LES D\u00c9PLACEMENTS<\/h4>\n\n\n\n<ul class=\"wp-block-list\">\n<li>S\u00e9lective&nbsp;: Les d\u00e9placements des coll\u00e9giens sont organis\u00e9s par les enseignants d\u2019EPS.<\/li>\n\n\n\n<li>Finale&nbsp;: Les \u00e9quipages s\u00e9lectionn\u00e9s et leurs enseignants auront la possibilit\u00e9 de b\u00e9n\u00e9ficier d\u2019un transport collectif organis\u00e9 par l\u2019UNSS.<\/li>\n<\/ul>\n\n\n\n<h4 class=\"wp-block-heading\" id=\"inscriptions\">INSCRIPTIONS<\/h4>\n\n\n\n<ul class=\"wp-block-list\">\n<li>S\u00e9lective&nbsp;: le professeur d\u2019EPS r\u00e9f\u00e9rent du coll\u00e8ge inscrit les \u00e9l\u00e8ves directement aupr\u00e8s de la base nautique.<\/li>\n\n\n\n<li>Finale&nbsp;: Le professeur d\u2019EPS r\u00e9f\u00e9rent lors de la s\u00e9lective confirmera l\u2019inscription du ou des 2 \u00e9quipages s\u00e9lectionn\u00e9s via le site internet du CDV.<\/li>\n<\/ul>\n\n\n\n<h4 class=\"wp-block-heading\" id=\"dates-et-horaires\">DATES ET HORAIRES<\/h4>\n\n\n\n<ul class=\"wp-block-list\">\n<li><strong><mark style=\"background-color:rgba(0, 0, 0, 0)\" class=\"has-inline-color has-vivid-cyan-blue-color\">S\u00e9lective&nbsp;: de 13h00 \u00e0 17h00&nbsp;<\/mark><\/strong><\/li>\n<\/ul>\n\n\n\n<figure class=\"wp-block-table is-style-stripes\"><table class=\"has-black-color has-text-color\"><tbody><tr><td class=\"has-text-align-left\" data-align=\"left\"><strong>Bases nautiques<\/strong><\/td><td class=\"has-text-align-left\" data-align=\"left\"><strong>Dates des s\u00e9lectives<\/strong><\/td><\/tr><tr><td class=\"has-text-align-left\" data-align=\"left\">Soci\u00e9t\u00e9 des R\u00e9gates d\u2019Antibes<br>Centre Nautique de la ville de Menton<br>Centre Nautique Municipal de Mandelieu-la-Napoule<\/td><td class=\"has-text-align-left\" data-align=\"left\">29 avril 2026<\/td><\/tr><tr><td class=\"has-text-align-left\" data-align=\"left\">Cannes Jeunesse<br>Yacht Club de Villeneuve-Loubet<\/td><td class=\"has-text-align-left\" data-align=\"left\">06 mai 2026<\/td><\/tr><tr><td class=\"has-text-align-left\" data-align=\"left\">Mairie et Centre de Voile de Roquebrune-Cap-Martin<br>Yacht Club de Villeneuve-Loubet (report)<\/td><td class=\"has-text-align-left\" data-align=\"left\">13 mai 2026<\/td><\/tr><tr><td class=\"has-text-align-left\" data-align=\"left\">AGASC Centre Nautique<br>Club Nautique de Nice<br>Yacht Club de Beaulieu<br>\u00c9cole Municipale de Voile de Cagnes-sur-Mer<br>Base nautique de Gole-Juan Vallauris<\/td><td class=\"has-text-align-left\" data-align=\"left\">en attente<\/td><\/tr><tr><td class=\"has-text-align-left\" data-align=\"left\">Club Var Mer<br>Mairie de Cap-d\u2019Ail<\/td><td class=\"has-text-align-left\" data-align=\"left\">Pas de s\u00e9lective<\/td><\/tr><\/tbody><\/table><\/figure>\n\n\n\n<ul class=\"wp-block-list\">\n<li><mark style=\"background-color:rgba(0, 0, 0, 0)\" class=\"has-inline-color has-vivid-cyan-blue-color\"><strong>Finale : de 9h30 \u00e0 16h30<\/strong><\/mark>&nbsp;<\/li>\n<\/ul>\n\n\n\n<figure class=\"wp-block-table is-style-stripes\"><table><tbody><tr><td><strong>Date de la Finale<\/strong><\/td><td><strong>Lieu<\/strong><\/td><\/tr><tr><td>&nbsp; 27 mai 2026 (report 03\/06)<\/td><td>Soci\u00e9t\u00e9 des R\u00e9gates d\u2019Antibes<\/td><\/tr><\/tbody><\/table><\/figure>\n\n\n\n<p>4\u00e8me \u00e9dition : Troph\u00e9e des coll\u00e8ges 2024-2025 au Yacht Club de Villeneuve-Loubet &#8211; <a href=\"https:\/\/www.cdvoile06.fr\/wp-content\/uploads\/2025\/06\/resultats-TDC-2024-25.pdf\" target=\"_blank\" rel=\"noreferrer noopener\">R\u00c9SULTATS<\/a><\/p>\n\n\n\n<p>3\u00e8me \u00e9dition : Troph\u00e9e des coll\u00e8ges 2023-2024 \u00e0 la Soci\u00e9t\u00e9 des R\u00e9gates d&rsquo;Antibes &#8211; <a href=\"https:\/\/www.cdvoile06.fr\/wp-content\/uploads\/2024\/05\/resultats-TDC-2023-24-annonces.pdf\" target=\"_blank\" rel=\"noreferrer noopener\">R\u00c9SULTATS<\/a><\/p>\n\n\n\n<p>2\u00e8me \u00e9dition : Troph\u00e9e des coll\u00e8ges 2022-2023 \u00e0 la Soci\u00e9t\u00e9 des R\u00e9gates d&rsquo;Antibes &#8211; <a href=\"https:\/\/www.cdvoile06.fr\/wp-content\/uploads\/2023\/05\/resultats-TDC-2022-23.pdf\" target=\"_blank\" rel=\"noreferrer noopener\">R\u00c9SULTATS<\/a><\/p>\n\n\n\n<p>1\u00e8re \u00e9dition : Troph\u00e9e des coll\u00e8ges 2021-2022 \u00e0 la Soci\u00e9t\u00e9 des R\u00e9gates d&rsquo;Antibes &#8211; <a href=\"https:\/\/www.cdvoile06.fr\/wp-content\/uploads\/2023\/10\/resultats-TDC-2021-22.pdf\" target=\"_blank\" rel=\"noreferrer noopener\">R\u00c9SULTATS<\/a><\/p>\n\n\n\n<p><\/p>\n","protected":false},"excerpt":{"rendered":"<p>5\u00e8me \u00e9dition Le Troph\u00e9e des coll\u00e8ges, activit\u00e9 subventionn\u00e9e par le&nbsp;D\u00e9partement des Alpes-Maritimes, permet de mettre en concurrence amicale des coll\u00e9giens<\/p>\n","protected":false},"author":1,"featured_media":0,"parent":0,"menu_order":0,"comment_status":"closed","ping_status":"closed","template":"","meta":{"colormag_page_container_layout":"default_layout","colormag_page_sidebar_layout":"default_layout","jetpack_post_was_ever_published":false,"footnotes":""},"class_list":["post-2382","page","type-page","status-publish","hentry"],"yoast_head":"<!-- This site is optimized with the Yoast SEO plugin v27.4 - https:\/\/yoast.com\/product\/yoast-seo-wordpress\/ -->\n<title>TROPH\u00c9E DES COLL\u00c8GES - Comit\u00e9 d\u00e9partemental de voile 06<\/title>\n<meta name=\"robots\" content=\"index, follow, max-snippet:-1, max-image-preview:large, max-video-preview:-1\" \/>\n<link rel=\"canonical\" href=\"https:\/\/www.cdvoile06.fr\/index.php\/trophee-des-colleges-2\/\" \/>\n<meta property=\"og:locale\" content=\"fr_FR\" \/>\n<meta property=\"og:type\" content=\"article\" \/>\n<meta property=\"og:title\" content=\"TROPH\u00c9E DES COLL\u00c8GES - Comit\u00e9 d\u00e9partemental de voile 06\" \/>\n<meta property=\"og:description\" content=\"5\u00e8me \u00e9dition Le Troph\u00e9e des coll\u00e8ges, activit\u00e9 subventionn\u00e9e par le&nbsp;D\u00e9partement des Alpes-Maritimes, permet de mettre en concurrence amicale des coll\u00e9giens\" \/>\n<meta property=\"og:url\" content=\"https:\/\/www.cdvoile06.fr\/index.php\/trophee-des-colleges-2\/\" \/>\n<meta property=\"og:site_name\" content=\"Comit\u00e9 d\u00e9partemental de voile 06\" \/>\n<meta property=\"article:publisher\" content=\"https:\/\/www.facebook.com\/cdvoile06\" \/>\n<meta property=\"article:modified_time\" content=\"2026-03-26T15:30:52+00:00\" \/>\n<meta property=\"og:image\" content=\"http:\/\/www.cdvoile06.fr\/wp-content\/uploads\/2017\/11\/cata-300x200.jpg\" \/>\n<meta name=\"twitter:card\" content=\"summary_large_image\" \/>\n<meta name=\"twitter:label1\" content=\"Dur\u00e9e de lecture estim\u00e9e\" \/>\n\t<meta name=\"twitter:data1\" content=\"3 minutes\" \/>\n<script type=\"application\/ld+json\" class=\"yoast-schema-graph\">{\"@context\":\"https:\\\/\\\/schema.org\",\"@graph\":[{\"@type\":\"WebPage\",\"@id\":\"https:\\\/\\\/www.cdvoile06.fr\\\/index.php\\\/trophee-des-colleges-2\\\/\",\"url\":\"https:\\\/\\\/www.cdvoile06.fr\\\/index.php\\\/trophee-des-colleges-2\\\/\",\"name\":\"TROPH\u00c9E DES COLL\u00c8GES - Comit\u00e9 d\u00e9partemental de voile 06\",\"isPartOf\":{\"@id\":\"https:\\\/\\\/www.cdvoile06.fr\\\/#website\"},\"primaryImageOfPage\":{\"@id\":\"https:\\\/\\\/www.cdvoile06.fr\\\/index.php\\\/trophee-des-colleges-2\\\/#primaryimage\"},\"image\":{\"@id\":\"https:\\\/\\\/www.cdvoile06.fr\\\/index.php\\\/trophee-des-colleges-2\\\/#primaryimage\"},\"thumbnailUrl\":\"http:\\\/\\\/www.cdvoile06.fr\\\/wp-content\\\/uploads\\\/2017\\\/11\\\/cata-300x200.jpg\",\"datePublished\":\"2021-10-21T11:48:07+00:00\",\"dateModified\":\"2026-03-26T15:30:52+00:00\",\"breadcrumb\":{\"@id\":\"https:\\\/\\\/www.cdvoile06.fr\\\/index.php\\\/trophee-des-colleges-2\\\/#breadcrumb\"},\"inLanguage\":\"fr-FR\",\"potentialAction\":[{\"@type\":\"ReadAction\",\"target\":[\"https:\\\/\\\/www.cdvoile06.fr\\\/index.php\\\/trophee-des-colleges-2\\\/\"]}]},{\"@type\":\"ImageObject\",\"inLanguage\":\"fr-FR\",\"@id\":\"https:\\\/\\\/www.cdvoile06.fr\\\/index.php\\\/trophee-des-colleges-2\\\/#primaryimage\",\"url\":\"http:\\\/\\\/www.cdvoile06.fr\\\/wp-content\\\/uploads\\\/2017\\\/11\\\/cata-300x200.jpg\",\"contentUrl\":\"http:\\\/\\\/www.cdvoile06.fr\\\/wp-content\\\/uploads\\\/2017\\\/11\\\/cata-300x200.jpg\"},{\"@type\":\"BreadcrumbList\",\"@id\":\"https:\\\/\\\/www.cdvoile06.fr\\\/index.php\\\/trophee-des-colleges-2\\\/#breadcrumb\",\"itemListElement\":[{\"@type\":\"ListItem\",\"position\":1,\"name\":\"Accueil\",\"item\":\"https:\\\/\\\/www.cdvoile06.fr\\\/\"},{\"@type\":\"ListItem\",\"position\":2,\"name\":\"TROPH\u00c9E DES COLL\u00c8GES\"}]},{\"@type\":\"WebSite\",\"@id\":\"https:\\\/\\\/www.cdvoile06.fr\\\/#website\",\"url\":\"https:\\\/\\\/www.cdvoile06.fr\\\/\",\"name\":\"Comit\u00e9 d\u00e9partemental de voile 06\",\"description\":\"Organe d\u00e9concentr\u00e9 de la F\u00e9d\u00e9ration Fran\u00e7aise de Voile\",\"publisher\":{\"@id\":\"https:\\\/\\\/www.cdvoile06.fr\\\/#organization\"},\"potentialAction\":[{\"@type\":\"SearchAction\",\"target\":{\"@type\":\"EntryPoint\",\"urlTemplate\":\"https:\\\/\\\/www.cdvoile06.fr\\\/?s={search_term_string}\"},\"query-input\":{\"@type\":\"PropertyValueSpecification\",\"valueRequired\":true,\"valueName\":\"search_term_string\"}}],\"inLanguage\":\"fr-FR\"},{\"@type\":\"Organization\",\"@id\":\"https:\\\/\\\/www.cdvoile06.fr\\\/#organization\",\"name\":\"Comit\u00e9 d\u00e9partemental de voile 06\",\"url\":\"https:\\\/\\\/www.cdvoile06.fr\\\/\",\"logo\":{\"@type\":\"ImageObject\",\"inLanguage\":\"fr-FR\",\"@id\":\"https:\\\/\\\/www.cdvoile06.fr\\\/#\\\/schema\\\/logo\\\/image\\\/\",\"url\":\"http:\\\/\\\/www.cdvoile06.fr\\\/wp-content\\\/uploads\\\/2020\\\/10\\\/cropped-logo150x150.png\",\"contentUrl\":\"http:\\\/\\\/www.cdvoile06.fr\\\/wp-content\\\/uploads\\\/2020\\\/10\\\/cropped-logo150x150.png\",\"width\":150,\"height\":150,\"caption\":\"Comit\u00e9 d\u00e9partemental de voile 06\"},\"image\":{\"@id\":\"https:\\\/\\\/www.cdvoile06.fr\\\/#\\\/schema\\\/logo\\\/image\\\/\"},\"sameAs\":[\"https:\\\/\\\/www.facebook.com\\\/cdvoile06\",\"https:\\\/\\\/www.instagram.com\\\/cdvoile06\\\/\"]}]}<\/script>\n<!-- \/ Yoast SEO plugin. -->","yoast_head_json":{"title":"TROPH\u00c9E DES COLL\u00c8GES - Comit\u00e9 d\u00e9partemental de voile 06","robots":{"index":"index","follow":"follow","max-snippet":"max-snippet:-1","max-image-preview":"max-image-preview:large","max-video-preview":"max-video-preview:-1"},"canonical":"https:\/\/www.cdvoile06.fr\/index.php\/trophee-des-colleges-2\/","og_locale":"fr_FR","og_type":"article","og_title":"TROPH\u00c9E DES COLL\u00c8GES - Comit\u00e9 d\u00e9partemental de voile 06","og_description":"5\u00e8me \u00e9dition Le Troph\u00e9e des coll\u00e8ges, activit\u00e9 subventionn\u00e9e par le&nbsp;D\u00e9partement des Alpes-Maritimes, permet de mettre en concurrence amicale des coll\u00e9giens","og_url":"https:\/\/www.cdvoile06.fr\/index.php\/trophee-des-colleges-2\/","og_site_name":"Comit\u00e9 d\u00e9partemental de voile 06","article_publisher":"https:\/\/www.facebook.com\/cdvoile06","article_modified_time":"2026-03-26T15:30:52+00:00","og_image":[{"url":"http:\/\/www.cdvoile06.fr\/wp-content\/uploads\/2017\/11\/cata-300x200.jpg","type":"","width":"","height":""}],"twitter_card":"summary_large_image","twitter_misc":{"Dur\u00e9e de lecture estim\u00e9e":"3 minutes"},"schema":{"@context":"https:\/\/schema.org","@graph":[{"@type":"WebPage","@id":"https:\/\/www.cdvoile06.fr\/index.php\/trophee-des-colleges-2\/","url":"https:\/\/www.cdvoile06.fr\/index.php\/trophee-des-colleges-2\/","name":"TROPH\u00c9E DES COLL\u00c8GES - Comit\u00e9 d\u00e9partemental de voile 06","isPartOf":{"@id":"https:\/\/www.cdvoile06.fr\/#website"},"primaryImageOfPage":{"@id":"https:\/\/www.cdvoile06.fr\/index.php\/trophee-des-colleges-2\/#primaryimage"},"image":{"@id":"https:\/\/www.cdvoile06.fr\/index.php\/trophee-des-colleges-2\/#primaryimage"},"thumbnailUrl":"http:\/\/www.cdvoile06.fr\/wp-content\/uploads\/2017\/11\/cata-300x200.jpg","datePublished":"2021-10-21T11:48:07+00:00","dateModified":"2026-03-26T15:30:52+00:00","breadcrumb":{"@id":"https:\/\/www.cdvoile06.fr\/index.php\/trophee-des-colleges-2\/#breadcrumb"},"inLanguage":"fr-FR","potentialAction":[{"@type":"ReadAction","target":["https:\/\/www.cdvoile06.fr\/index.php\/trophee-des-colleges-2\/"]}]},{"@type":"ImageObject","inLanguage":"fr-FR","@id":"https:\/\/www.cdvoile06.fr\/index.php\/trophee-des-colleges-2\/#primaryimage","url":"http:\/\/www.cdvoile06.fr\/wp-content\/uploads\/2017\/11\/cata-300x200.jpg","contentUrl":"http:\/\/www.cdvoile06.fr\/wp-content\/uploads\/2017\/11\/cata-300x200.jpg"},{"@type":"BreadcrumbList","@id":"https:\/\/www.cdvoile06.fr\/index.php\/trophee-des-colleges-2\/#breadcrumb","itemListElement":[{"@type":"ListItem","position":1,"name":"Accueil","item":"https:\/\/www.cdvoile06.fr\/"},{"@type":"ListItem","position":2,"name":"TROPH\u00c9E DES COLL\u00c8GES"}]},{"@type":"WebSite","@id":"https:\/\/www.cdvoile06.fr\/#website","url":"https:\/\/www.cdvoile06.fr\/","name":"Comit\u00e9 d\u00e9partemental de voile 06","description":"Organe d\u00e9concentr\u00e9 de la F\u00e9d\u00e9ration Fran\u00e7aise de Voile","publisher":{"@id":"https:\/\/www.cdvoile06.fr\/#organization"},"potentialAction":[{"@type":"SearchAction","target":{"@type":"EntryPoint","urlTemplate":"https:\/\/www.cdvoile06.fr\/?s={search_term_string}"},"query-input":{"@type":"PropertyValueSpecification","valueRequired":true,"valueName":"search_term_string"}}],"inLanguage":"fr-FR"},{"@type":"Organization","@id":"https:\/\/www.cdvoile06.fr\/#organization","name":"Comit\u00e9 d\u00e9partemental de voile 06","url":"https:\/\/www.cdvoile06.fr\/","logo":{"@type":"ImageObject","inLanguage":"fr-FR","@id":"https:\/\/www.cdvoile06.fr\/#\/schema\/logo\/image\/","url":"http:\/\/www.cdvoile06.fr\/wp-content\/uploads\/2020\/10\/cropped-logo150x150.png","contentUrl":"http:\/\/www.cdvoile06.fr\/wp-content\/uploads\/2020\/10\/cropped-logo150x150.png","width":150,"height":150,"caption":"Comit\u00e9 d\u00e9partemental de voile 06"},"image":{"@id":"https:\/\/www.cdvoile06.fr\/#\/schema\/logo\/image\/"},"sameAs":["https:\/\/www.facebook.com\/cdvoile06","https:\/\/www.instagram.com\/cdvoile06\/"]}]}},"jetpack_sharing_enabled":true,"jetpack_shortlink":"https:\/\/wp.me\/P9K6Ix-Cq","_links":{"self":[{"href":"https:\/\/www.cdvoile06.fr\/index.php\/wp-json\/wp\/v2\/pages\/2382","targetHints":{"allow":["GET"]}}],"collection":[{"href":"https:\/\/www.cdvoile06.fr\/index.php\/wp-json\/wp\/v2\/pages"}],"about":[{"href":"https:\/\/www.cdvoile06.fr\/index.php\/wp-json\/wp\/v2\/types\/page"}],"author":[{"embeddable":true,"href":"https:\/\/www.cdvoile06.fr\/index.php\/wp-json\/wp\/v2\/users\/1"}],"replies":[{"embeddable":true,"href":"https:\/\/www.cdvoile06.fr\/index.php\/wp-json\/wp\/v2\/comments?post=2382"}],"version-history":[{"count":81,"href":"https:\/\/www.cdvoile06.fr\/index.php\/wp-json\/wp\/v2\/pages\/2382\/revisions"}],"predecessor-version":[{"id":4232,"href":"https:\/\/www.cdvoile06.fr\/index.php\/wp-json\/wp\/v2\/pages\/2382\/revisions\/4232"}],"wp:attachment":[{"href":"https:\/\/www.cdvoile06.fr\/index.php\/wp-json\/wp\/v2\/media?parent=2382"}],"curies":[{"name":"wp","href":"https:\/\/api.w.org\/{rel}","templated":true}]}}